) = -y. Let m(w) = -c(w) - 4*h(w). Is m(2) a composite number?
False
Suppose 2*j - 5437 = -q, -q = j + 2*q - 2711. Let r = j + -1321. Is r a prime number?
True
Suppose 3*q - 65 = -2*r + 3*r, -4*r = -3*q + 233. Let f = -114 + -69. Let d = r - f. Is d prime?
True
Let v be 5/10 + 18/4. Suppose -4*u = 5*t - 1651, -v*u - 998 = -4*t + t. Is t a prime number?
True
Let b = -23746 + 82755. Is b a prime number?
True
Suppose r - 3*l - 245 = -4*r, -49 = -r - 2*l. Suppose -13 - r = -j. Is j a prime number?
False
Let n = 1257 - -9112. Is n a prime number?
True
Suppose -5*k + 16310 = -10*k. Let m = -1947 - k. Is m prime?
False
Let q(n) = -2*n**3 - 4*n**2 + 4*n + 4. Let f be q(-3). Suppose 0 = f*h - 164 - 56. Is h a prime number?
False
Suppose 3*a = 15, h = -3*h - 5*a + 1801. Suppose -4*b + 0*b = -h. Is b a prime number?
False
Is (225/20 + (-1 - 6))*9748 prime?
False
Suppose 48*c = 2*c + 875518. Is c composite?
True
Let y = -235 + 492. Suppose 3*p - y = 316. Is p prime?
True
Let h(m) = -m**3 + 4*m**2 + 3*m + 1. Let s be 4/4*-3*1. Is h(s) prime?
False
Suppose s = b - 8696 + 2416, -4*s + 4 = 0. Is b prime?
False
Suppose -9*j = -4*j + 505. Let c = j - -281. Suppose -5*g - 5*y + c - 25 = 0, 0 = 3*y + 12. Is g prime?
False
Suppose -4*z - 222629 = -3*b, -2*b - 2*b = 3*z - 296872. Is b composite?
True
Let b be (-180)/99 - (-2)/(-11). Let i be 2422/(-98) + b/7. Let m = -12 - i. Is m composite?
False
Suppose 0 = p - 3*h - 5773, -7*p + 23007 = -3*p + 5*h. Is p a prime number?
False
Let b(d) be the second derivative of -d**5/20 + d**4/12 - d**3/3 + 3*d**2/2 + 11*d. Is b(-5) composite?
False
Suppose 21*q = 16*q + 10805. Is q a composite number?
False
Suppose 1165*w + 111795 = 1180*w. Is w a prime number?
False
Suppose -i = 3*m - m + 6, -5*m - 6 = i. Let f(a) = -9*a - 17. Is f(i) a composite number?
False
Let d be (-2 - -1)/(8/(-248)). Suppose 0 = -5*y + 2*a - 176, -3*y + a - d - 74 = 0. Let p = 57 + y. Is p a composite number?
False
Suppose 20 = 6*r - 28. Is (-2)/r - 187432/(-32) a prime number?
True
Let s = 1446 + -458. Let h = -568 + s. Let z = h - 271. Is z a composite number?
False
Let f(a) = a**3 - 4*a**2 + 52*a + 165. Let l be f(-3). Suppose -o + 354 = o. Let k = l + o. Is k a prime number?
False
Let s be (-2)/(-2) - (0 + 1 + -2). Suppose 1170 = s*f - x, 2*f = 2*x + 1512 - 338. Is f a composite number?
True
Let s(b) = -2*b**2 + b + 6. Let x be s(0). Is (4/x)/((-8)/(-1956)) a composite number?
False
Let z(a) = 432*a + 35. Is z(8) a prime number?
True
Is 15/30 - (-451782)/12 a prime number?
True
Suppose 0*f - 4*f - 6016 = 0. Let i = -917 - f. Is i a composite number?
False
Let f(d) = 146*d + 7. Is f(3) a prime number?
False
Let q(n) = -n + 15. Let a be q(10). Suppose z - 175 = -a*d, z - 78 = -2*d - 8. Is d a prime number?
False
Suppose 8*k = 41 - 1. Suppose 1420 + 3115 = k*b. Is b a prime number?
True
Suppose 0 = 6*b - b + 25. Is ((-71)/2)/(b/10) a composite number?
False
Suppose -5*v = -132 - 8. Suppose 2*g + 3*g - 15 = 0. Suppose -41 = -g*y + v. Is y prime?
True
Suppose 5*x - 5*n + 10 = 0, 3*n = -4*x + 2*n + 7. Let z(g) be the first derivative of 519*g**2/2 + 2*g - 1. Is z(x) composite?
False
Let q = -71 - -720. Is q a composite number?
True
Let f be (-1)/((-180)/179 + 1). Suppose 4*m = 3*r + 110, -2*r = -6*m + 3*m + 75. Let y = f + r. Is y a composite number?
False
Let f(d) = 97*d**2 + 11*d - 5. Is f(-6) composite?
True
Let f(i) = 5*i**2 + 6*i + 16. Let m be f(16). Let h = m - 923. Is h a prime number?
False
Suppose -16*b = -14*b + 10824. Let g = b + 7661. Is g a prime number?
False
Let m(a) = -2*a**2 + 3*a - 13. Let t be m(4). Let c be (451/t)/(1/(-51)). Suppose -2*p + 469 + c = 0. Is p a composite number?
True
Suppose 0 = 8*j + j - 230589. Is j a composite number?
False
Let y(d) = 919*d**2 + 3*d + 6. Let n(u) = u**2 + u + 1. Let s(h) = -5*n(h) + y(h). Is s(1) prime?
False
Let o(w) = 3*w - 1. Let d be o(1). Let z(y) = 38*y**3 + 2*y**2 - 4*y + 5. Is z(d) a prime number?
False
Let o = 793 + -1219. Is (106/(-4))/(o/84 + 5) a composite number?
True
Suppose -3*s + 2*a = 355 - 1189, 0 = -3*s - a + 843. Suppose -7*x + s = -2*x. Is -1 + 3 + x/1 prime?
False
Suppose -54*w = -51*w - 76287. Is w prime?
False
Let g(y) = 10*y**2 - y - 3. Let d be g(-2). Suppose -2*z = -4*t - 352, 4*t - 4*z = -3*z - 356. Let w = d - t. Is w prime?
False
Let z = 126 + 28. Suppose 0 = -l - l + 574. Let v = l - z. Is v composite?
True
Let p(u) = -2*u**2 - 2*u + 3. Let y be p(-4). Let c be (-78)/y + (-6)/(-21). Suppose 0 = -2*r - 2*n + 58, 22 = 2*r + c*n - 28. Is r composite?
True
Suppose n + 2*k + 2 = 0, 3*n + 0*k - 15 = k. Suppose 7*u = n*u + 597. Is u composite?
False
Let l(w) = 5*w**3 + 17*w**2 - 15*w - 3. Let f(n) = 2*n**3 + 9*n**2 - 8*n - 2. Let t(k) = -7*f(k) + 3*l(k). Let q be t(11). Suppose -q*h + 7*h = 62. Is h prime?
True
Suppose -29*a + 54004 = 9663. Is a composite?
True
Let l(i) = 2*i + 24. Let k be l(-10). Suppose 2*y - 1638 = 5*a, -k*y - 3*a + 2415 = -y. Is y composite?
False
Suppose 0 = 5*m + 2*u - 11577, -5*u + 4618 = 2*m - u. Is m a prime number?
False
Suppose 0 = 13*c - 15*c + 2920. Let a = 1577 + c. Is a a prime number?
True
Suppose -3*o + 16 = 2*l, 4*o - o = -5*l + 22. Suppose 216 - o = 4*s. Let x = 53 + s. Is x a composite number?
True
Let m(i) = i**2 - 5*i + 3. Let t be m(5). Suppose 0*q + t*q = 981. Suppose -4*c + c = -q. Is c a prime number?
True
Let y = -172 + 175. Suppose 0 = -5*w, -3*u + 8*u - 3725 = -y*w. Is u a prime number?
False
Suppose 0*c - 1416 = -2*c. Suppose -q = -5*q + c. Is q a composite number?
True
Suppose -2*z = 5*h + 141 - 26, -h + 40 = -z. Let l = 374 - z. Is l a composite number?
False
Let l(j) = 125*j + 44. Let m be (12/14)/(2/14). Is l(m) a composite number?
True
Let a = 15 - 4. Suppose -5*q + 4 = -a. Suppose q*t - 348 = -t. Is t a composite number?
True
Let y(x) = 328*x**3 + 3*x**2 - 9*x + 7. Is y(4) composite?
False
Let d(j) = 0*j + 0*j**2 - 3*j**2 + 14*j**2 + 1 - 3*j. Let k(s) = 12*s**2 - 2*s + 1. Let x(a) = 7*d(a) - 6*k(a). Is x(6) a composite number?
False
Let p(w) = -w**2 + 12*w + w**2 + w**2 + 11 + 0*w**2. Let q be p(-14). Let m = -6 + q. Is m composite?
True
Suppose -5*q - 4*f + 6439 = 0, f + 3881 = 3*q - f. Is q prime?
True
Let i = 6 - 4. Suppose 4*b + 5*q - 40 = -7, -4*b = -2*q + 2. Suppose -r + 96 + 51 = b*x, -301 = -i*r + 3*x. Is r composite?
False
Suppose 14042 = 4*a - 5*u, 2*u + 7022 = 11*a - 9*a. Is a a prime number?
False
Let l = -34 + 37. Suppose -v + 497 = l*d, v + 2*d = 3*v - 978. Is v a prime number?
True
Let h = 15 - 13. Let w be ((-25)/(-5))/(h/2). Suppose -6*i + i - 82 = -m, -w*m = 4*i - 410. Is m a prime number?
False
Suppose j - 21 = -3*t, -4*j + j - 15 = -4*t. Let b(m) be the third derivative of 29*m**4/24 - 13*m**3/6 + m**2. Is b(t) composite?
True
Let w = 15015 + -2356. Is w a prime number?
True
Let v(n) = 5*n - 8. Let w(h) = 96*h + 15*h**2 + 0*h**2 - 96*h. Let q be w(1). Is v(q) a composite number?
False
Is 3*((-46333)/(-21) - 4) composite?
False
Suppose -4*c = c. Let s(g) = -g + 8. Let r be s(4). Suppose c = -r*o + 2815 + 189. Is o composite?
False
Let v(m) be the second derivative of 2*m**4/3 - m**3/2 - 2*m**2 - 6*m. Let a be v(-5). Let j = a + -108. Is j composite?
False
Suppose -2*m - 2*y + 9002 = 2*y, 5*m + 4*y - 22481 = 0. Is m composite?
False
Let m = 573 + 1957. Suppose 3*l - y - 3203 = 0, -y = 3*l - m - 669. Is l a composite number?
True
Suppose -14*x + 13025 = 747. Is x prime?
True
Suppose -2*r - 8 - 8 = 0. Let w = r + 11. Suppose -3*h = 5*f - 66, 2*h = w*f - 8*f + 44. Is h prime?
False
Suppose -4*c - 356 = 364. Let d = c - -283. Is d a prime number?
True
Let b = 608 - 351. Let o = b - 4. Is o a composite number?
True
Let i be 9*-60 - (-2 - -1). Suppose 0 = 5*d + 7*d - 9576. Let w = d + i. Is w prime?
False
Let b(v) = -48*v + 115. Is b(-43) composite?
False
Let g(f) be the first derivative of -4*f + 0*f**2 + 109/3*f**3 + 2. Is g(3) a composite number?
False
Let m(g) = -g**3 - g + 259. Suppose f = -4*z - 5, -z - 20 = -0*z + 4*f. Is m(z) prime?
False
Suppose 10 = -6*s + 8*s. Suppose 0*k - 4*k = s*z - 11, 4*z + k = 0. Let h(j) = 11*j**2 - 1. Is h(z) a composite number?
True
Suppose -8*t + 10 = -110. Is t/10*(-1916)/(-6) a prime number?
True
Suppose 10 = 2*v + 4*z, 0 = -7*v + 2*v - 5*z + 25. Suppose -v*x = -373 